ded by 4.
1
Let x = 22 + -11. What is the remainder when -1*(2 - 0) - -45 is divided by x?
10
Suppose -5*c - 1 + 21 = 0. Suppose 5 + 11 = c*y. Suppose 0 = -4*q + 2*n + 86, -q + 4 = y*n - 4. What is the remainder when q is divided by 11?
9
Let c = 14 + -2. Suppose 4*j - 105 = j. Calculate the remainder when j is divided by c.
11
Suppose 3*k - 7 = 2, -n - 5*k + 41 = 0. Calculate the remainder when 77 is divided by n.
25
Let h = 53 - 3. What is the remainder when h is divided by 13?
11
Suppose -3 - 12 = -5*h. Suppose -4*c + 2*o - 214 = 0, -157 = h*c - 0*c + 2*o. Let b = c - -77. Calculate the remainder when 46 is divided by b.
22
Let x(a) = 31*a**2 - a. Let i(p) = -3*p - 56. Calculate the remainder when x(1) is divided by i(-24).
14
Let z = 15 - 5. Let d(r) = -r**3 + 9*r**2 + 11*r + 1. Suppose 6*o + 21 = 7*o. What is the remainder when o is divided by d(z)?
10
Let q = 50 - 22. Calculate the remainder when 111 is divided by q.
27
Let l = 44 + -21. Let c = l - 3. Let z = 34 - c. What is the remainder when 27 is divided by z?
13
Let b(t) = t + 6. Let x be b(-7). What is the remainder when (x - 2)*9/(-9) is divided by 1?
0
Suppose -r + 84 = 3*r. Let i(b) = b + 5. Let j be i(-5). Suppose l + 0*l - 36 = -p, j = -p - 4. What is the remainder when l is divided by r?
19
Calculate the remainder when -6*(-5)/15 - -48 is divided by 17.
16
Let j = 10 - -14. Calculate the remainder when j is divided by 13.
11
Suppose 5*i - 45 = -0*i. Suppose 3*z = 2*z + 15. Suppose -5*k - z = -100. Calculate the remainder when k is divided by i.
8
What is the remainder when 69 is divided by 43/3 + ((-50)/(-15))/(-10)?
13
Let g = -31 - -48. Calculate the remainder when g is divided by (4/(-3))/((-4)/18).
5
Let k = -86 - -245. Suppose 0 = 5*o + 2*z - 66 - k, 0 = o - 3*z - 62. What is the remainder when o is divided by 12?
11
Let v = -13 - -27. Let k = 4 + 50. What is the remainder when k is divided by v?
12
Let u(z) = -z**3 - z**2 + 53. Let h(k) = -3*k - 13. Calculate the remainder when u(0) is divided by h(-9).
11
Suppose 214 = 5*x - 11. What is the remainder when x is divided by 16?
13
Let l(g) = -g + 13. Let k be l(14). Calculate the remainder when (4 - 6) + (72 - k) is divided by 24.
23
Suppose 0 = 3*j - 5*d - 10, -2*j = -0*j - 5*d. What is the remainder when 18 is divided by j?
8
Let z(g) = 23*g + 2. Let u be z(2). Let q = 67 - u. Calculate the remainder when 74 is divided by q.
17
What is the remainder when 0/(-4) - (-43 + (2 - 0)) is divided by 6?
5
Let j = 0 + 10. Let r be (-15)/(-6)*(-16)/(-10). Suppose 2*g = -g + 3, r*v + 4*g = 160. What is the remainder when v is divided by j?
9
Let d(c) = 2*c**3 - 4*c**2 - 2*c + 4. Suppose -1 = u + 2*o - 10, -5*u - 2*o = -21. Let q = -110 - -156. What is the remainder when q is divided by d(u)?
14
Let h(s) = s + 36. Calculate the remainder when 38 is divided by h(-16).
18
Suppose 2*b = -b + 15. Suppose 0 = 4*y, -y = v + y - b. What is the remainder when 13 is divided by v?
3
Let w(o) = o**3 + 5*o**2 + 4. Let g = 2 + -5. Let u be w(g). Suppose 0 = -2*d + 4*j + u, -2*d - j - 3*j + 30 = 0. What is the remainder when d is divided by 7?
6
Let z(u) = 10*u**2 + u - 1. Suppose 1 = -2*r - 3. Suppose 3*s - 13*s + 200 = 0. What is the remainder when z(r) is divided by s?
17
Suppose 0 = 4*r + 85 - 21. Let i = 26 + r. What is the remainder when 28 is divided by i?
8
Let w be 7/(-3) + (-4)/6. Let p = w - -11. What is the remainder when 22 is divided by p?
6
Let r = -67 + 116. Let v be (-6)/27 - (-50)/(-18). What is the remainder when r is divided by 25 + 1 + 2 + v?
24
Calculate the remainder when 169 is divided by 9 + (272/(-72) - 6/27).
4
Suppose 37 = k + 5*n, 2*k - 16 = -4*n + 70. Calculate the remainder when 186 is divided by k.
45
Suppose -2*b + 0*m - 4*m = -54, -2*b + 19 = -3*m. Suppose 0 = 6*z - 5*z - b. What is the remainder when z is divided by 5?
2
Suppose 38 = -5*h - c, 4*h + c + c = -34. Let o(s) = s**3 + 6*s**2 - 9*s - 6. Suppose -j = -7 + 2. What is the remainder when o(h) is divided by j?
3
Let x = -97 + 143. Let w be (-66)/(-4) + 2/(-4). Let u = w + 8. Calculate the remainder when x is divided by u.
22
Let y = -29 + 40. What is the remainder when 28 is divided by y?
6
Let y(b) = -b**3 + 8*b**2 + b - 8. Let u be y(7). Suppose -4*x = -4*o + u, 0*o + 2*o + 4*x - 54 = 0. What is the remainder when o is divided by 6?
5
Suppose c - 2 = 6. Suppose -31 = -11*v + 10*v. What is the remainder when v is divided by c?
7
Let p(f) = -41*f - 1. Suppose -21 + 7 = -n. Calculate the remainder when p(-1) is divided by n.
12
Let y be -2*(-1 - -2)*1. Let a = y + 9. Calculate the remainder when 20 is divided by a.
6
What is the remainder when (-298)/(-3 - 5/(-5)) is divided by 30?
29
Suppose 18 + 48 = 3*q. Suppose 0 = -s - 5*p - 6, 0 = s - 2*s + 2*p + q. Let o = 2 + 3. What is the remainder when s is divided by o?
4
Let r be (-2)/(-11) + 53/11. Suppose -2*c = -5*s + 2*c + 418, 359 = 4*s + r*c. What is the remainder when s is divided by 29?
28
Let s = -4 + 73. Suppose -2*l = -3*x + 41, -4 = 5*x - 5*l - s. What is the remainder when (-1 - 1)/((-2)/44) is divided by x?
14
Let q be (1 - -2) + (1 - 2). Suppose -d - q*z + 17 = 0, -28 = -5*d + 4*z + 1. What is the remainder when 17 is divided by d?
8
Calculate the remainder when ((-22)/3 - 0)*3*-2 is divided by 12.
8
Calculate the remainder when 28 is divided by (-912)/(-90) - 2/15.
8
Let w be (-1 + 2/4)*-10. Suppose 3 = 3*h, -3*m = m - 3*h - w. Suppose -35 + 9 = -m*x. Calculate the remainder when 24 is divided by x.
11
Suppose 6*a = 2*a + 96. Let u be 1 - (-3*10 - -2). Let q = u - 16. What is the remainder when a is divided by q?
11
Let d(z) be the first derivative of z**4/4 - 2*z**3/3 - z**2/2 + 4*z - 2. What is the remainder when 19 is divided by d(3)?
9
Let o(k) = k**2 - 11*k + 8. Let l be o(8). Let i = l - -38. Suppose 2*r - 134 = 2*s, 2*s - s = 3*r - 195. Calculate the remainder when r is divided by i.
20
Calculate the remainder when 38/4*(2 - -2) is divided by 20.
18
Calculate the remainder when 144/(-3)*12/16*-1 is divided by 26.
10
Suppose 5*w - 6 = 14. Suppose w*s - s - 24 = 0. Let g(l) = 5*l**2 - l. What is the remainder when g(-2) is divided by s?
6
Suppose 4*u = -u + 110. Suppose 5*x - 8 = 4*i, -2*i = 2*i - 12. Calculate the remainder when 33 is divided by x/u - (-520)/44.
9
Let s be 369/4*(-8)/(-3). What is the remainder when 97 is divided by 14/35 - s/(-10)?
22
Suppose 3*k = -2*k. Suppose k = n - 2*n + 10. Suppose -3*j - 64 = -6*o + 2*o, -3*j = 3*o - 69. What is the remainder when o is divided by n?
9
Let g(s) = s**2 - 4*s. Calculate the remainder when 34 is divided by g(6).
10
Let m = 651 + -213. Calculate the remainder when m is divided by 49.
46
Let w = -14 - -23. Let t = 19 - 4. Calculate the remainder when w is divided by t/6*2/1.
4
What is the remainder when 8/(0 + -48) + 386/12 is divided by 18?
14
Suppose -2*h + 7 + 13 = 0. Calculate the remainder when h is divided by 6.
4
Let g(l) = l**3 + 6*l**2 - 3*l - 5. What is the remainder when 136 is divided by g(-5)?
31
Let p(s) = s**3 + 6*s**2 + 4*s + 2. Let t be p(-4). Suppose t = y - 2. Let x(j) = 8*j**2 - 1. Calculate the remainder when y is divided by x(1).
6
Let h = 8 - -3. Suppose -12 = 4*a, -5*a + 4 = 2*w - 9. What is the remainder when (-6)/(-14) + 428/w is divided by h?
9
What is the remainder when (-1824)/(-28) + (-3)/21 is divided by 33?
32
Let r = -117 + 223. Suppose 0 = -0*y + 5*y - 180. Calculate the remainder when r is divided by y.
34
Let v be 574/6 - (-10)/(-15). Suppose 6*h - v = h. Let d(o) = 11*o**2 - o. What is the remainder when h is divided by d(1)?
9
Let f(w) = 2*w**2 + 4*w + 1. Let r be f(-4). Suppose 7 - r = -t. Let b = -15 + 32. What is the remainder when b is divided by t?
7
Let t = 6 + -2. Suppose 0 = 3*s + 3*d - 19 - 56, -102 = -t*s - 3*d. Suppose -2*f - f = -s. Calculate the remainder when 17 is divided by f.
8
Suppose -44 - 34 = -2*s - 2*i, 3*s = -4*i + 112. What is the remainder when s is divided by 23?
21
Let d = 38 + -33. Calculate the remainder when 11 is divided by d.
1
Suppose 0 = -d - 1, 19*t - 21*t + 3*d + 57 = 0. What is the remainder when t is divided by 15?
12
What is the remainder when 66 is divided by (-1)/(2*(-5)/340)?
32
Let g = -4 + 7. Suppose -5*q - 2*b = -60, -2*b - 2*b = -g*q + 10. What is t